{"id":154,"date":"2023-10-30T15:37:25","date_gmt":"2023-10-30T15:37:25","guid":{"rendered":"https:\/\/disenya.produccionesgorgona.com\/?page_id=154"},"modified":"2023-11-10T11:19:14","modified_gmt":"2023-11-10T11:19:14","slug":"invitadas","status":"publish","type":"page","link":"https:\/\/disenya.produccionesgorgona.com\/?page_id=154","title":{"rendered":"Invitadas"},"content":{"rendered":"\n<p>Este a\u00f1o contamos con un panel de invitadas maravilloso, que os iremos actualizando en esta p\u00e1gina.<\/p>\n\n\n\n<div class=\"wp-block-media-text is-stacked-on-mobile is-vertically-aligned-top\" style=\"grid-template-columns:32% auto\"><figure class=\"wp-block-media-text__media\"><img decoding=\"async\" loading=\"lazy\" width=\"819\" height=\"1024\" src=\"https:\/\/disenya.produccionesgorgona.com\/wp-content\/uploads\/2023\/11\/photo1699352392-1-819x1024.jpeg\" alt=\"\" class=\"wp-image-167 size-full\" srcset=\"https:\/\/disenya.produccionesgorgona.com\/wp-content\/uploads\/2023\/11\/photo1699352392-1-819x1024.jpeg 819w, https:\/\/disenya.produccionesgorgona.com\/wp-content\/uploads\/2023\/11\/photo1699352392-1-240x300.jpeg 240w, https:\/\/disenya.produccionesgorgona.com\/wp-content\/uploads\/2023\/11\/photo1699352392-1-768x960.jpeg 768w, https:\/\/disenya.produccionesgorgona.com\/wp-content\/uploads\/2023\/11\/photo1699352392-1.jpeg 1024w\" sizes=\"(max-width: 819px) 100vw, 819px\" \/><\/figure><div class=\"wp-block-media-text__content\">\n<p><strong>Isawa Hiromi<\/strong><\/p>\n\n\n\n<p>Escritora de rol y fantas\u00eda.<br>Correctora de lore oficial de las novelas de Minotauro de L5a.<br>Lleva trabajando para editoriales de rol desde 2019 en su mayor parte como autora aunque tambi\u00e9n compagin\u00e1ndolo con la gesti\u00f3n de redes sociales.<br>Trabaja de manera mensual con Shadowlands, se puede ver su trayectoria en los m\u00faltiples shadowshots que ha publicado ya como la saga de Cuentos de Ningen-do ambientado en Asia, Madsbouth para DnD, La Conferencia de The Dee Sanction entre muchos otros de juegos variados (Raven, sistema zero&#8230;).Tambi\u00e9n es co-creadora del zine Ocho Lanzas de terror japon\u00e9s junto con Luis Montejano.<br>Para el juego de rol Karma de la Universidad Rey Don Juan Carlos ha realizado 5 aventuras historicas enclavadas en Asia y participado en sus ponencias desde la apertura de sus jornadas Alea Jacta Est hace 3 a\u00f1os.<br>Tambien ha trabajado con Cursed Ink, Other Selves, Ex Regnum y Wallahal editorial haciendo aventuras o ampliando lore de juegos como en el caso de su participaci\u00f3n para Las Sombras del Khan de Iris Sancho.<br>Y tiene proyectos abiertos con The Hill Press, HT Publisher y Read Duck entre otros.<\/p>\n<\/div><\/div>\n\n\n\n<div class=\"wp-block-media-text is-stacked-on-mobile is-vertically-aligned-top\" style=\"grid-template-columns:34% auto\"><figure class=\"wp-block-media-text__media\"><img decoding=\"async\" loading=\"lazy\" width=\"1024\" height=\"750\" src=\"https:\/\/disenya.produccionesgorgona.com\/wp-content\/uploads\/2023\/11\/Yo-1-1024x750.jpg\" alt=\"\" class=\"wp-image-170 size-full\" srcset=\"https:\/\/disenya.produccionesgorgona.com\/wp-content\/uploads\/2023\/11\/Yo-1-1024x750.jpg 1024w, https:\/\/disenya.produccionesgorgona.com\/wp-content\/uploads\/2023\/11\/Yo-1-300x220.jpg 300w, https:\/\/disenya.produccionesgorgona.com\/wp-content\/uploads\/2023\/11\/Yo-1-768x563.jpg 768w, https:\/\/disenya.produccionesgorgona.com\/wp-content\/uploads\/2023\/11\/Yo-1-1536x1126.jpg 1536w, https:\/\/disenya.produccionesgorgona.com\/wp-content\/uploads\/2023\/11\/Yo-1-2048x1501.jpg 2048w, https:\/\/disenya.produccionesgorgona.com\/wp-content\/uploads\/2023\/11\/Yo-1-2000x1466.jpg 2000w\" sizes=\"(max-width: 1024px) 100vw, 1024px\" \/><\/figure><div class=\"wp-block-media-text__content\">\n<p><strong>Roberto Alhambra<\/strong><\/p>\n\n\n\n<p>Maestro experto en ludificaci\u00f3n y aprendizaje basado en juegos ABJ. Escritor de narrativa, dise\u00f1ador de juegos e impulsor de RAGames.<br>Comparte su experiencia y conocimientos formando profesorado en el uso de juego en procesos de aprendizaje.<\/p>\n\n\n\n<p>Dise\u00f1ador y desarrollador de:<\/p>\n\n\n\n<p>Esqueleto, Calavera, Diablito &#8211; Falomir Juegos<br>Role\u00edna &#8211; Descarga Gratuita en su web<br>La \u00faltima &#8211; Tranjis games<br>Caucho y Cromo &#8211; Devir Iberia<\/p>\n\n\n\n<p>Novelas de Roberto:<br>\u2013 Siempre Amanece por oriente<br>\u2013 La niebla que cubre las aguas<br>\u2013 Un brillo de luz negra<br>\u2013 Los que ignoran<\/p>\n\n\n\n<p>Proyectos educativos:<br>\u2013 La tumba del fara\u00f3n<br>\u2013 Viaje al espacio exterior<\/p>\n<\/div><\/div>\n\n\n\n<div class=\"wp-block-media-text is-stacked-on-mobile is-vertically-aligned-top\" style=\"grid-template-columns:31% auto\"><figure class=\"wp-block-media-text__media\"><img decoding=\"async\" loading=\"lazy\" width=\"716\" height=\"955\" src=\"https:\/\/disenya.produccionesgorgona.com\/wp-content\/uploads\/2023\/11\/Vanessa-1.jpg\" alt=\"\" class=\"wp-image-173 size-full\" srcset=\"https:\/\/disenya.produccionesgorgona.com\/wp-content\/uploads\/2023\/11\/Vanessa-1.jpg 716w, https:\/\/disenya.produccionesgorgona.com\/wp-content\/uploads\/2023\/11\/Vanessa-1-225x300.jpg 225w\" sizes=\"(max-width: 716px) 100vw, 716px\" \/><\/figure><div class=\"wp-block-media-text__content\">\n<p><strong>Vanessa Carballo<\/strong><\/p>\n\n\n\n<p>Vanessa Carballo (Barcelona, 1979) es editora de juegos de rol en Devir desde enero de 2020. Lectora empedernida desde peque\u00f1a, empez\u00f3 a jugar a rol en el instituto y no tard\u00f3 en enrolarse en el Club de rol Kritik en 1996 donde lleva m\u00e1s de 25 a\u00f1os organizando partidas, eventos y jornadas. Ha sido playtester de numerosos juegos de rol y de mesa as\u00ed como juez en diversos concursos de creaci\u00f3n de juegos y aventuras (Premios Rolea, Un dungeon en una p\u00e1gina, Concurso de creaci\u00f3n de juegos de Granollers\u2026). Durante 7 a\u00f1os mantuvo activo el blog Los mundos de Wed donde hablaba de muchas cosas, pero sobre todo de Eberron, su mundo de D&amp;D preferido y donde lleva m\u00e1s de 15 a\u00f1os dirigiendo una misma campa\u00f1a y tambi\u00e9n fue fundadora y colaboradora de Basti\u00f3n rolero durante 8 a\u00f1os. Trabaj\u00f3 en Games Workshop durante 9 a\u00f1os como traductora y m\u00e1s adelante como Coordinadora de traducci\u00f3n. Y en febrero de 2020 entr\u00f3 a trabajar como editora de juegos de rol en Devir. Aqu\u00ed se encarga de la coordinaci\u00f3n de traducci\u00f3n de todas sus l\u00edneas, as\u00ed como de buscar nuevas l\u00edneas de juegos de rol que incorporar a la editorial.\u00a0<\/p>\n<\/div><\/div>\n","protected":false},"excerpt":{"rendered":"<p>Este a\u00f1o contamos con un panel de invitadas maravilloso, que os iremos actualizando en esta p\u00e1gina. Isawa Hiromi Escritora de rol y fantas\u00eda.Correctora de lore oficial de las novelas de Minotauro de L5a.Lleva trabajando para editoriales de rol desde 2019 en su mayor parte como autora aunque tambi\u00e9n compagin\u00e1ndolo con la gesti\u00f3n de redes sociales.Trabaja &hellip; <\/p>\n<p class=\"link-more\"><a href=\"https:\/\/disenya.produccionesgorgona.com\/?page_id=154\" class=\"more-link\">Leer m\u00e1s<span class=\"screen-reader-text\"> \u00abInvitadas\u00bb<\/span><\/a><\/p>\n","protected":false},"author":1,"featured_media":0,"parent":0,"menu_order":0,"comment_status":"closed","ping_status":"closed","template":"","meta":{"footnotes":"","inspiro_hide_title":false},"_links":{"self":[{"href":"https:\/\/disenya.produccionesgorgona.com\/index.php?rest_route=\/wp\/v2\/pages\/154"}],"collection":[{"href":"https:\/\/disenya.produccionesgorgona.com\/index.php?rest_route=\/wp\/v2\/pages"}],"about":[{"href":"https:\/\/disenya.produccionesgorgona.com\/index.php?rest_route=\/wp\/v2\/types\/page"}],"author":[{"embeddable":true,"href":"https:\/\/disenya.produccionesgorgona.com\/index.php?rest_route=\/wp\/v2\/users\/1"}],"replies":[{"embeddable":true,"href":"https:\/\/disenya.produccionesgorgona.com\/index.php?rest_route=%2Fwp%2Fv2%2Fcomments&post=154"}],"version-history":[{"count":6,"href":"https:\/\/disenya.produccionesgorgona.com\/index.php?rest_route=\/wp\/v2\/pages\/154\/revisions"}],"predecessor-version":[{"id":174,"href":"https:\/\/disenya.produccionesgorgona.com\/index.php?rest_route=\/wp\/v2\/pages\/154\/revisions\/174"}],"wp:attachment":[{"href":"https:\/\/disenya.produccionesgorgona.com\/index.php?rest_route=%2Fwp%2Fv2%2Fmedia&parent=154"}],"curies":[{"name":"wp","href":"https:\/\/api.w.org\/{rel}","templated":true}]}}